mainder when 20427 is divided by 652?
215
Calculate the remainder when 82143 is divided by 472.
15
Calculate the remainder when 43146 is divided by 2044.
222
Calculate the remainder when 47206 is divided by 11792.
38
Calculate the remainder when 297577 is divided by 41.
40
What is the remainder when 197 is divided by 137?
60
Calculate the remainder when 324 is divided by 110.
104
What is the remainder when 182 is divided by 146?
36
Calculate the remainder when 210835 is divided by 542.
539
What is the remainder when 86936 is divided by 475?
11
What is the remainder when 2347 is divided by 1041?
265
Calculate the remainder when 150598 is divided by 19.
4
Calculate the remainder when 3611 is divided by 173.
151
What is the remainder when 49243 is divided by 17?
11
Calculate the remainder when 173378 is divided by 19264.
2
What is the remainder when 238277 is divided by 161?
158
What is the remainder when 137016 is divided by 34202?
208
Calculate the remainder when 55831 is divided by 423.
418
Calculate the remainder when 47917 is divided by 47894.
23
Calculate the remainder when 5824 is divided by 2705.
414
What is the remainder when 34857 is divided by 277?
232
Calculate the remainder when 21684 is divided by 6997.
693
What is the remainder when 169037 is divided by 56338?
23
Calculate the remainder when 2695 is divided by 533.
30
Calculate the remainder when 2788 is divided by 192.
100
Calculate the remainder when 850 is divided by 632.
218
What is the remainder when 44886 is divided by 3722?
222
What is the remainder when 685847 is divided by 145?
142
What is the remainder when 39099 is divided by 294?
291
What is the remainder when 7462 is divided by 45?
37
Calculate the remainder when 1190 is divided by 654.
536
Calculate the remainder when 1838 is divided by 1716.
122
What is the remainder when 5368 is divided by 1321?
84
What is the remainder when 3336 is divided by 733?
404
What is the remainder when 1621222 is divided by 132?
130
What is the remainder when 6204 is divided by 92?
40
What is the remainder when 15210 is divided by 52?
26
What is the remainder when 187 is divided by 56?
19
What is the remainder when 4778 is divided by 470?
78
What is the remainder when 9655 is divided by 261?
259
Calculate the remainder when 22692 is divided by 244.
0
Calculate the remainder when 357974 is divided by 185.
184
Calculate the remainder when 36242 is divided by 3622.
22
What is the remainder when 13818 is divided by 4337?
807
Calculate the remainder when 3907 is divided by 17.
14
What is the remainder when 30123 is divided by 3346?
9
Calculate the remainder when 6882 is divided by 2012.
846
What is the remainder when 2273 is divided by 81?
5
Calculate the remainder when 105961 is divided by 41.
17
What is the remainder when 60045 is divided by 15003?
33
What is the remainder when 1118052 is divided by 14?
12
What is the remainder when 3179957 is divided by 1148?
1145
What is the remainder when 8936 is divided by 349?
211
What is the remainder when 23550 is divided by 243?
222
What is the remainder when 34223 is divided by 15?
8
What is the remainder when 3997211 is divided by 12?
11
Calculate the remainder when 44855 is divided by 517.
393
Calculate the remainder when 13394 is divided by 537.
506
Calculate the remainder when 295666 is divided by 19711.
1
What is the remainder when 7243 is divided by 1388?
303
What is the remainder when 52752 is divided by 26371?
10
Calculate the remainder when 5503 is divided by 505.
453
Calculate the remainder when 41407 is divided by 3181.
54
Calculate the remainder when 33582 is divided by 1049.
14
What is the remainder when 16462 is divided by 37?
34
Calculate the remainder when 35645 is divided by 54.
5
What is the remainder when 3735 is divided by 316?
259
What is the remainder when 7415 is divided by 1374?
545
Calculate the remainder when 584 is divided by 147.
143
Calculate the remainder when 4719 is divided by 1113.
267
Calculate the remainder when 154358 is divided by 10.
8
Calculate the remainder when 21248 is divided by 568.
232
What is the remainder when 301759 is divided by 150873?
13
Calculate the remainder when 1244323 is divided by 11.
3
What is the remainder when 63211 is divided by 9029?
8
What is the remainder when 14070 is divided by 4?
2
Calculate the remainder when 3375 is divided by 573.
510
What is the remainder when 65270 is divided by 175?
170
Calculate the remainder when 30728 is divided by 47.
37
Calculate the remainder when 3541 is divided by 283.
145
Calculate the remainder when 2042 is divided by 509.
6
Calculate the remainder when 46465 is divided by 5740.
545
What is the remainder when 368 is divided by 76?
64
What is the remainder when 7669 is divided by 317?
61
Calculate the remainder when 20999 is divided by 297.
209
What is the remainder when 145919 is divided by 1035?
1019
Calculate the remainder when 15506 is divided by 674.
4
What is the remainder when 3373 is divided by 600?
373
Calculate the remainder when 362270 is divided by 39.
38
Calculate the remainder when 185441 is divided by 14.
11
What is the remainder when 7687 is divided by 1281?
1
Calculate the remainder when 310612 is divided by 124.
116
Calculate the remainder when 13272 is divided by 58.
48
Calculate the remainder when 15943 is divided by 168.
151
Calculate the remainder when 2645 is divided by 72.
53
What is the remainder when 29222 is divided by 2406?
350
Calculate the remainder when 937921 is divided by 25.
21
Calculate the remainder when 5146 is divided by 1094.
770
What is the remainder when 315018 is divided by 3500?
18
What is the remainder when 2659 is divided by 863?
70
What is the remainder when 4572 is divided by 1511?
39
Calculate the remainder when 2209 is divided by 241.
40
What is the remainder when 869946 is divided by 274?
270
Calculate the remainder when 2327 is divided by 137.
135
Calculate the remainder when 37617 is divided by 180.
177
What is the remainder when 117496 is divided by 1399?
1379
Calculate the remainder when 3886 is divided by 1816.
254
What is the remainder when 5758 is divided by 1863?
169
Calculate the remainder when 78111 is divided by 20.
11
What is the remainder when 307299 is divided by 264?
3
Calculate the remainder when 455685 is divided by 166.
15
Calculate the remainder when 1034897 is divided by 262.
259
Calculate the remainder when 135953 is divided by 6.
5
What is the remainder when 38110 is divided by 7541?
405
Calculate the remainder when 3976 is divided by 47.
28
What is the remainder when 118572 is divided by 359?
102
Calculate the remainder when 617272 is divided by 6.
4
Calculate the remainder when 13588 is divided by 2716.
8
What is the remainder when 4148 is divided by 899?
552
What is the remainder when 3289 is divided by 1279?
731
Calculate the remainder when 1944 is divided by 224.
152
Calculate the remainder when 51662 is divided by 5.
2
What is the remainder when 803 is divided by 133?
5
Calculate the remainder when 16955 is divided by 97.
77
Calculate the remainder when 15573 is divided by 5154.
111
What is the remainder when 1011 is divided by 694?
317
Calculate the remainder when 8687 is divided by 53.
48
What is the remainder when 15775 is divided by 60?
55
What is the remainder when 1156972 is divided by 182?
180
Calculate the remainder when 1012 is divided by 166.
16
What is the remainder when 19534 is divided by 932?
894
Calculate the remainder when 41158 is divided by 94.
80
Calculate the remainder when 1018 is divided by 535.
483
What is the remainder when 8197 is divided by 1638?
7
What is the remainder when 38111 is divided by 6?
5
Calculate the remainder when 79264 is divided by 6602.
40
What is the remainder when 17547 is divided by 431?
307
What is the remainder when 3640 is divided by 1107?
319
Calculate the remainder when 25040 is divided by 2.
0
What is the remainder when 58974 is divided by 343?
321
What is the remainder when 10923 is divided by 165?
33
Calculate the remainder when 6107 is divided by 55.
2
Calculate the remainder when 120 is divided by 109.
11
Calculate the remainder when 150757 is divided by 10.
7
What is the remainder when 10581 is divided by 243?
132
What is the remainder when 84 is divided by 13?
6
W